 - 8*j**2 + 6*j + 6. Let v be q(7). Suppose -m - 8 = -2*x, -2*x + 0 = 2*m - 2. What is the units digit of 10 + (x - 2)/v?
9
Let p(z) = z - 1. Let l be p(5). Suppose 4*q + 3*x - 76 = 0, 0 = -q + 3*x + l - 0. What is the tens digit of q?
1
Let y(n) = -n. Let l be y(-6). Let v(i) = 2*i + 2. What is the tens digit of v(l)?
1
Let n = 14 - 7. What is the units digit of (n - (-3)/3) + -1?
7
Suppose -6*m - 2*m = -256. What is the tens digit of m?
3
Suppose -5*z + 16 = -2*l, 3 = -4*l + 5*z - 9. Suppose -n - 1 = -3*o, 4 + 27 = 5*n + 3*o. Let v = n - l. What is the units digit of v?
3
What is the tens digit of (-26)/((-2)/(-1)*(-4 + 3))?
1
Let i be 14/6 + 2/3. Let h = 3 - i. Suppose h*g + 12 = 2*g. What is the units digit of g?
6
Let x(c) = -c - 5. Let w(i) = -7*i**2 + i + 1. Let o be w(-1). What is the units digit of x(o)?
2
Let a(n) = 5*n + 90. What is the tens digit of a(-14)?
2
Let p = 61 - 28. What is the tens digit of p?
3
Suppose -2*x + 5 - 45 = 0. Let q = x + 36. What is the units digit of q?
6
Suppose 2 = -q + 3. Let r = 7 + q. What is the units digit of r?
8
Let d(m) = m - 2. Let h be d(4). Suppose -g + 24 = h*g. What is the units digit of g?
8
Suppose 5*h = 3*f + 12 - 272, 3*h + 92 = f. What is the tens digit of f?
8
Let l(r) = r - 1. Let k be l(3). Suppose -k*t = 2*t - i - 140, -3*t = -4*i - 105. What is the units digit of t?
5
Let f = 16 + -4. What is the tens digit of f?
1
Suppose -o = 2*x - 87, x - 480 = -4*o - o. What is the units digit of o?
7
Let t(j) = -j - 4. Let x be t(-6). Let u = -9 + 4. What is the units digit of 6/(((-15)/x)/u)?
4
Let x(j) = 0*j - 6*j - 5*j**2 + 6*j**2. Let b be x(7). What is the units digit of (-4)/14 - (-23)/b?
3
Suppose w - 2*f = -4, w + w = 2*f. Suppose -90 = 2*i + 4*a, w*a - 42 = i + 3*a. Let q = -27 - i. What is the units digit of q?
6
What is the units digit of (-3 + 77/35)/((-2)/10)?
4
Let b(w) = w + 9. Let f be b(-6). Suppose f - 9 = -2*t. What is the units digit of t?
3
Suppose -m = -4*m + 21. Let i(f) = -4*f - 3. Let l be i(m). Let s = -18 - l. What is the tens digit of s?
1
Suppose 2*g = -2*g - 220. Let k = -39 - g. What is the units digit of k?
6
Let k(b) = b**3 + 5*b**2 - 2*b. Let j be 1/4 - 21/4. What is the units digit of k(j)?
0
Suppose -3*g = 2*g - 330. What is the tens digit of g?
6
Let z = -4 - -35. What is the units digit of z?
1
Suppose 0 = 3*b - 5*m + 3*m + 11, -b + 4*m = 7. What is the units digit of 24 - (5 - (b - -5))?
1
Let a(b) = -42*b - 13. What is the hundreds digit of a(-5)?
1
Let k(j) = -j**3 + 6*j**2 + 4. Let z be k(6). Suppose -4*r - z = -6*r. What is the units digit of r?
2
Let d = -267 - -630. What is the units digit of d?
3
Let n = -2 - -4. Suppose n*o - o = 6. Suppose 0 = 4*m - o + 2. What is the units digit of m?
1
Let a = 11 + -6. Suppose 5*t = 3*d - 39, -a*t - 12 = 3. What is the units digit of d?
8
Let q(p) = p**3 + 9*p**2 + 6*p - 9. Suppose -s + 9 + 6 = 4*x, 2*x + 185 = 5*s. Let a be (-2)/7 - 270/s. What is the units digit of q(a)?
7
Suppose -2*b - 130 = -4*u, u + 3*u - 5*b - 115 = 0. Suppose 3 = p + 4*w, -p + u = -6*w + 2*w. What is the units digit of p?
9
Let i(x) = -x**2 - 8*x + 9. What is the tens digit of i(-7)?
1
Suppose -4*s - 2*k = -s - 7, s - k + 1 = 0. Let n be (4 + -3)/((-1)/(-3)). Suppose -j = s - n. What is the units digit of j?
2
Let q(n) = n**3 - 5*n**2 - 2*n - 1. Let p be q(5). Let m = -8 - p. Suppose 32 = j + m*j - 4*x, -5*j + x = -44. What is the units digit of j?
9
Suppose -13 = -r - 2*a + 5, 5*a - 37 = -2*r. Let o = r - 9. What is the units digit of o?
7
Let l = 10 - 22. What is the units digit of (-30)/9*l/5?
8
Suppose p + p = 3*r + 8, 3*r - p = -7. What is the units digit of (1/r)/(6/(-12))?
1
Let q(g) = 6*g - 3. Let m be q(4). Let a = m - 8. What is the tens digit of a?
1
Suppose 0 = -2*g - 3*g. Let v = g + 3. Suppose 4*d - 62 = -5*c, c - v*d - 2 + 1 = 0. What is the units digit of c?
0
Let r be 0*3/3 - 2. Let d be (16/(-10))/(r/5). Suppose -2*p + 3*q = 5 + d, -4*q + 20 = 0. What is the units digit of p?
3
Let o be 172/10 + (-1)/5. Suppose 0 = 4*k + p - o, -4*p - 17 = -5*k - 1. Suppose -k*n = -j + 6, -4*n + 2*n = -4*j + 24. What is the units digit of j?
6
Suppose -6 = r + 2*r. Let q(p) = -5*p - 3. Let u be q(r). Suppose -5*o + 38 + u = 4*j, 2*j + 15 = 5*o. What is the units digit of o?
5
Let g(t) = -t**3 + 4*t**2 + 4*t + 7. Let r be g(5). Let v(m) = m**2 + 2*m - 1. Let f be v(1). Suppose r = -f*l + 18. What is the units digit of l?
8
Let h(b) = -b + 9. Let r be h(5). Suppose -r*f - 16 - 8 = 0. What is the units digit of f/(-4)*4/3?
2
Let f(h) = h**3 + 6*h**2 + 6*h - 3. Suppose 0 = 3*g + 15 - 0. Let t be f(g). What is the units digit of (2 - t)/((-2)/(-1))?
5
Let r(v) = 38*v + 81. What is the tens digit of r(6)?
0
Let x be -4*1*120/(-32). Suppose 51 = -12*d + x*d. What is the units digit of d?
7
Suppose -3*n + 13*n = 290. What is the tens digit of n?
2
What is the tens digit of 4/8*2 + 123?
2
Let f(h) = -h**3 - 9*h**2 - 4*h - 13. What is the tens digit of f(-9)?
2
Let v(h) = -h**2 + h + 13. Suppose 4*o + 20 = -4*k, 3*o - 25 = 2*k + 3*k. What is the tens digit of v(o)?
1
Let n(j) = 7*j**3 - j**2 + j - 1. Let c be n(1). Suppose 0 = 3*b + c, b - 4*b - 16 = -5*y. What is the units digit of (2 + -3)*(-7 + y)?
5
Suppose -3*v - 11 - 13 = -4*o, o - 2*v = 11. What is the tens digit of (-1 + 28)/(o - 2)?
2
Suppose -12*d + 7*d + 210 = 0. What is the units digit of d?
2
Suppose 4*r = 3*g - 31, 0 = 2*r - 2*g + 3 + 11. Suppose 0 = -3*f + 83 - 29. Let o = f + r. What is the units digit of o?
8
What is the tens digit of 2*(-1 + 55/2)?
5
Suppose -131 = -p - 5*g, -3*g - 197 = -0*p - 2*p. What is the tens digit of p?
0
Let d(k) = 2*k + 6*k - 2 - 6 + 0. Let f be d(7). Suppose 0 = 5*p + l - f, -2*l = p + 2 - 17. What is the units digit of p?
9
Suppose 5*w + 0*g = -2*g - 1, -5 = -3*w - 4*g. Let p be w/4 - 306/(-8). Suppose 3*y - u - p = -y, -48 = -5*y + u. What is the units digit of y?
0
Let k = 69 + 4. What is the tens digit of k?
7
Let o(q) = q**2 - 2*q + 2. Let b be o(3). Let z(l) = l**3 - 4*l**2 - 2*l - 1. What is the units digit of z(b)?
4
Let q = -27 - -19. Let o be q + (4 - 2) + 1. What is the units digit of (-6 + (-2 - o))*-1?
3
Let c = -14 - -31. What is the units digit of c?
7
Suppose 0 = w - 8 + 6. Suppose -w*r + 4 = 0, 3*s - 2*s = -3*r + 14. What is the units digit of s?
8
Let h = 1 + 3. Let s(v) = 4*v**2 - 5*v - 4. Let k be s(h). Suppose -5*p = 4*o - k, -o - 2*o + 35 = 5*p. What is the units digit of o?
5
Let z be -10*5/(15/6). Let o = z - -34. What is the tens digit of o?
1
Let u(t) = -t**3 + 9*t**2 + t + 31. What is the tens digit of u(8)?
0
What is the units digit of 141/2 + (-12)/(-8) + -1?
1
Suppose 48 = 4*i + 5*a, 0 = -5*i + 2*i + 3*a + 9. What is the units digit of i?
7
Suppose 8*b - 3*b = 20, -5*y = -b - 246. Suppose -2*r = -4*n - 0*r + 58, y = 5*n + 5*r. What is the units digit of n?
3
Suppose -6 = -d + 4*v + 24, -74 = -3*d - 4*v. What is the units digit of d?
6
Let p(x) = 5*x**2 - 7*x - 17. Let j(b) = 2*b**2 - 2*b - 6. Let y be (-21)/7 - (6 + -1). Let m(t) = y*j(t) + 3*p(t). What is the units digit of m(-3)?
3
Suppose f + 4*k = -14, -5*f - 2*k + 40 = -4*k. What is the tens digit of ((-4)/f)/(10/(-660))?
4
What is the units digit of (1 + 2)/(36/420)?
5
Let r(v) = -1 + v + 2*v - 4*v. What is the tens digit of r(-14)?
1
Let y = -31 + 56. What is the tens digit of y?
2
Let t be (-6)/4*6/(-3). Suppose 0 = t*n - 5*r + 7, -3*r - 15 = -5*n. Suppose 2 + n = u. What is the units digit of u?
8
Suppose 144 = -3*v + 15. Let l = 61 + v. What is the units digit of l?
8
Let x be 6/(-9) + 244/6. Suppose 5*m = -2*k + 65, 2*m = -3*m + 3*k + x. What is the units digit of m?
1
Let g = 24 - 19. Suppose 0 = 2*y - g*c - 42, y + 63 = 4*y + 3*c. What is the units digit of y?
1
Suppose z + 21 = 5*o, -6*z - 3 = -3*z - 3*o. Let x(k) = -k**3 + 5*k**2 - 4*k + 1. Let r be x(z). Suppose r = -2*p + 3. What is the units digit of p?
1
Let g(p) = -p**2 + p. Let b be g(1). Suppose f = 3 - b. What is the units digit of f?
3
Suppose -4*y = 2*h - 126, 4*y + 0*y - 3*h = 131. What is the tens digit of y?
3
Suppose -2*n = 2*g + 9 + 11, -3*n = -g + 10. Suppose 3*z - 4*z + 9 = 0. Let t = g + z. What is the units digit of t?
4
Let h(y) = -3*y + 3*y**2 + 4*y**3 + 1 - y + 3*y - 4*y**2. What 